{"id":184,"date":"2021-11-26T09:25:56","date_gmt":"2021-11-26T08:25:56","guid":{"rendered":"https:\/\/atelierdeschoses.org\/?post_type=product&#038;p=184"},"modified":"2021-12-01T14:27:04","modified_gmt":"2021-12-01T13:27:04","slug":"maisonette-a","status":"publish","type":"product","link":"https:\/\/atelierdeschoses.org\/index.php\/produit\/maisonette-a\/","title":{"rendered":"Maisonnette carton, d\u00e9cor\u00e9e (A)"},"content":{"rendered":"<p>Nous avons cr\u00e9er les <strong>maisonnettes<\/strong>, il y a 3 mod\u00e8les, nous les avons d\u00e9coup\u00e9 \u00e0 l&#8217;aide d&#8217;une <strong>d\u00e9coupe laser<\/strong>, ce qui rends le trait de coup parfait, et nous les avons <strong>d\u00e9cor\u00e9es \u00e0 la main<\/strong>, les dessins sont tous diff\u00e9rents, et tous fait \u00e0 la main, donc uniques !<\/p>\n<p>Ces petites maisons sont d\u00e9coup\u00e9es au laser sur des cartons de <strong>r\u00e9cup\u00e9rations<\/strong> qui servent \u00e0 caler les tablettes de nos lyc\u00e9ens, il se peut qu&#8217;il y ai \u00e0 l&#8217;arri\u00e8re un bout de QR code, qui servait \u00e0 la logistique&#8230;<\/p>\n","protected":false},"excerpt":{"rendered":"<p>Nous avons cr\u00e9er les maisonnettes, il y a 3 mod\u00e8les, nous les avons d\u00e9coup\u00e9 \u00e0 l&#8217;aide d&#8217;une d\u00e9coupe laser, ce qui rends le trait de coup parfait, et nous les avons d\u00e9cor\u00e9es \u00e0 la main, les dessins sont tous diff\u00e9rents, et tous fait \u00e0 la main, donc uniques ! Ces petites maisons sont d\u00e9coup\u00e9es au [&hellip;]<\/p>\n","protected":false},"featured_media":213,"comment_status":"open","ping_status":"closed","template":"","meta":{"_et_pb_use_builder":"off","_et_pb_old_content":"Lorem ipsum dolor sit amet, consectetur adipiscing elit. Vestibulum sagittis orci ac odio dictum tincidunt. Donec ut metus leo. Class aptent taciti sociosqu ad litora torquent per conubia nostra, per inceptos himenaeos. Sed luctus, dui eu sagittis sodales, nulla nibh sagittis augue, vel porttitor diam enim non metus. Vestibulum aliquam augue neque. Phasellus tincidunt odio eget ullamcorper efficitur. Cras placerat ut turpis pellentesque vulputate. Nam sed consequat tortor. Curabitur finibus sapien dolor. Ut eleifend tellus nec erat pulvinar dignissim. Nam non arcu purus. Vivamus et massa massa.","_et_gb_content_width":"","spay_email":""},"product_cat":[25],"product_tag":[],"class_list":["post-184","product","type-product","status-publish","has-post-thumbnail","hentry","product_cat-decor"],"_links":{"self":[{"href":"https:\/\/atelierdeschoses.org\/index.php\/wp-json\/wp\/v2\/product\/184","targetHints":{"allow":["GET"]}}],"collection":[{"href":"https:\/\/atelierdeschoses.org\/index.php\/wp-json\/wp\/v2\/product"}],"about":[{"href":"https:\/\/atelierdeschoses.org\/index.php\/wp-json\/wp\/v2\/types\/product"}],"replies":[{"embeddable":true,"href":"https:\/\/atelierdeschoses.org\/index.php\/wp-json\/wp\/v2\/comments?post=184"}],"wp:featuredmedia":[{"embeddable":true,"href":"https:\/\/atelierdeschoses.org\/index.php\/wp-json\/wp\/v2\/media\/213"}],"wp:attachment":[{"href":"https:\/\/atelierdeschoses.org\/index.php\/wp-json\/wp\/v2\/media?parent=184"}],"wp:term":[{"taxonomy":"product_cat","embeddable":true,"href":"https:\/\/atelierdeschoses.org\/index.php\/wp-json\/wp\/v2\/product_cat?post=184"},{"taxonomy":"product_tag","embeddable":true,"href":"https:\/\/atelierdeschoses.org\/index.php\/wp-json\/wp\/v2\/product_tag?post=184"}],"curies":[{"name":"wp","href":"https:\/\/api.w.org\/{rel}","templated":true}]}}